{"id":2072,"date":"2018-03-16T13:12:27","date_gmt":"2018-03-16T12:12:27","guid":{"rendered":"http:\/\/www.iglikachristova.com\/v2\/?page_id=2072"},"modified":"2020-12-06T17:16:49","modified_gmt":"2020-12-06T16:16:49","slug":"a-linterieur-de-larbre","status":"publish","type":"page","link":"https:\/\/www.iglika-christova.com\/v2\/?page_id=2072","title":{"rendered":"\u00c0 l\u2019int\u00e9rieur de l\u2019arbre"},"content":{"rendered":"<p><strong>Projet 2018-2019<\/strong><br \/>\n<strong>Un dialogue entre l\u2019art et la biologie<\/strong><br \/>\nProjet en cours s\u00e9lectionn\u00e9 dans le cadre de l\u2019appel \u00e0 projet Coup de pouce 2018 de\u00a0La Diagonale Paris-Saclay.<\/p>\n<p style=\"text-align: justify;\"><i><img loading=\"lazy\" decoding=\"async\" class=\"alignleft  wp-image-2606\" src=\"https:\/\/www.iglikachristova.com\/v2\/wp-content\/uploads\/2020\/12\/Capture-d\u2019e\u0301cran-2020-12-06-a\u0300-16.35.12.png\" alt=\"\" width=\"504\" height=\"501\" srcset=\"https:\/\/www.iglika-christova.com\/v2\/wp-content\/uploads\/2020\/12\/Capture-d\u2019e\u0301cran-2020-12-06-a\u0300-16.35.12.png 894w, https:\/\/www.iglika-christova.com\/v2\/wp-content\/uploads\/2020\/12\/Capture-d\u2019e\u0301cran-2020-12-06-a\u0300-16.35.12-300x298.png 300w, https:\/\/www.iglika-christova.com\/v2\/wp-content\/uploads\/2020\/12\/Capture-d\u2019e\u0301cran-2020-12-06-a\u0300-16.35.12-150x150.png 150w, https:\/\/www.iglika-christova.com\/v2\/wp-content\/uploads\/2020\/12\/Capture-d\u2019e\u0301cran-2020-12-06-a\u0300-16.35.12-768x764.png 768w\" sizes=\"(max-width: 504px) 100vw, 504px\" \/><\/i><i>\u00c0 l\u2019int\u00e9rieur de l\u2019arbre <\/i><i>\u2013 <\/i>en collaboration avec Claire Damesin, \u00e9cophysiologiste v\u00e9g\u00e9tale qui travaille sur le fonctionnement des arbres dans leur milieu naturel \u2013,\u00a0est une plong\u00e9e dans l&rsquo;intimit\u00e9 cellulaire des arbres.\u00a0Il s\u2019agit d\u2019\u00e9tablir un dialogue interdisciplinaire entre le sensible, l\u2019imaginaire et les connaissances scientifiques biologiques, afin de donner \u00e0 entrevoir les manifestations d\u2019un monde intime cach\u00e9 au sein du microcosme de l\u2019arbre. Dans cette d\u00e9marche, l\u2019imaginaire traduit par le dessin est \u00ab\u00a0provoqu\u00e9\u00a0\u00bb par des observations microscopiques nouvelles et vari\u00e9es relatives aux tissus internes du tronc de plusieurs esp\u00e8ces d\u2019arbres. Ces images de microscopie sont adoss\u00e9es aux questionnements scientifiques actuels sur le fonctionnement des tissus et cellules pr\u00e9sents \u00e0 l\u2019int\u00e9rieur de l\u2019arbre. L\u2019apport du dessin dans ce projet r\u00e9side notamment dans la recherche et le d\u00e9voilement de <i>par\u00e9idolies <\/i>\u00ab\u00a0cach\u00e9es\u00a0\u00bb. La par\u00e9idolie<i> <\/i>(du grec ancien <i>para<\/i>, \u00ab\u00a0\u00e0 c\u00f4t\u00e9 de\u00a0\u00bb, et <i>eid\u00f4lon<\/i>, diminutif d\u2019<i>eidos<\/i>, \u00ab\u00a0apparence, forme\u00a0\u00bb) est comme une illusion d\u2019optique\u00a0: \u00e0 partir d\u2019un visuel informe et ambigu, un \u00e9l\u00e9ment clair est identifi\u00e9, une forme est \u00ab\u00a0reconnue\u00a0\u00bb, souvent humaine ou animale. Par l\u2019imaginaire, le dessin cherche \u00e0 r\u00e9v\u00e9ler des formes \u00ab\u00a0cach\u00e9es\u00a0\u00bb au sein de l\u2019infiniment petit, au-del\u00e0 de ce que l\u2019on voit avec les yeux et de ce que l\u2019on aper\u00e7oit <i>via<\/i> le microscope. L\u2019imaginaire est donc en ce sens un prolongement de la vision. Il est ici mis au contact des connaissances \u00e9cophysiologiques d\u00e9j\u00e0 acquises afin de m\u00ealer interpr\u00e9tation \u00e9cologique et approche sensible du vivant. Avec le projet <i>\u00c0 l\u2019int\u00e9rieur de l\u2019arbre<\/i>, nous nous demanderons aussi de quelle fa\u00e7on le savoir scientifique va conditionner l\u2019imaginaire dans le d\u00e9cryptage des images de microscopie et\/ou par\u00e9idolies d\u00e9voil\u00e9es. Et inversement, celles-ci ne vont-elles pas faire des clins d\u2019\u0153il aux scientifiques pour leur sugg\u00e9rer de nouvelles id\u00e9es ou orientations ?\u00a0<em>Via<\/em> le projet <em>\u00c0 l\u2019int\u00e9rieur de l\u2019arbre<\/em>, l\u2019objectif est aussi de donner \u00e0 \u00ab\u00a0percevoir\u00a0\u00bb au grand public la diversit\u00e9 de formes des cellules ainsi que leur plasticit\u00e9 en lien avec les conditions du milieu. Il s\u2019agira de donner \u00e0 capter le temps qui passe au c\u0153ur de la vie de l\u2019arbre, cette derni\u00e8re \u00e9tant \u00ab\u00a0enregistr\u00e9e\u00a0\u00bb dans les cernes. Ainsi, le d\u00e9cryptage des images de microscopie gr\u00e2ce au dessin cherche \u00e0 rendre perceptible le temps lent de la croissance de l\u2019arbre. Le dessin, fixe et anim\u00e9, sur et hors papier, appara\u00eet comme un outil tant de l\u2019imagination que des connaissances \u00e9cophysiologiques d\u00e9j\u00e0 acquises. Le dialogue entre l\u2019imaginaire, les connaissances scientifiques et les images de microscopies cherche ici \u00e0 mettre l\u2019accent sur la diversit\u00e9 des structures et formes cellulaires, leur relation \u00e0 l\u2019environnement ext\u00e9rieur et au temps qui passe. Le dessin tente de traduire en ce sens les rapports intrins\u00e8ques entre le climat ext\u00e9rieur et la vie invisible de l\u2019arbre. Ce projet se veut donc une exploration ouverte, de recherches interdisciplinaires qui cherchent \u00e0 aboutir \u00e0 des \u0153uvres permettant au grand public de d\u00e9couvrir la richesse cellulaire cach\u00e9e sous l\u2019\u00e9corce des arbres.<\/p>\n<p style=\"text-align: justify;\">Le dessin, par son caract\u00e8re s\u00e9lectif des informations r\u00e9tiniennes d\u00e9voil\u00e9es par le microscope, permet en ce sens de rendre accessible et compr\u00e9hensible ce monde microscopique complexe qui assure la verticalit\u00e9, la solidit\u00e9 de l\u2019arbre, sa croissance et son adaptabilit\u00e9 au fil des ann\u00e9es, ainsi que la relation interne vitale entre les racines souterraines et le feuillage a\u00e9rien.<\/p>\n<p style=\"text-align: justify;\">Mais rendre compr\u00e9hensible au grand public la vie invisible de l\u2019arbre n\u2019est pas le seul r\u00f4le du dessin.\u00a0En effet, en toile de fond, le projet repose sur une question de recherche fondamentale autour de la relation ubiquitaire entre l\u2019homme et la nature : comment le regard port\u00e9 sur la nature par l\u2019\u00eatre humain peut-il l\u2019aider \u00e0 se r\u00e9v\u00e9ler \u00e0 lui-m\u00eame ? Avec le projet <i>\u00c0 l\u2019int\u00e9rieur de l\u2019arbre<\/i>, cette question devient : qu\u2019est-ce que l\u2019arbre, dans sa structure et son fonctionnement microscopique, nous r\u00e9v\u00e8le sur nous-m\u00eames ? Plusieurs connaissances scientifiques, telles que la pr\u00e9sence simultan\u00e9e de cellules vivantes et mortes ou bien les effets du temps contr\u00e9s par la croissance de tissus o\u00f9 le temps peut \u00eatre rep\u00e9r\u00e9, apparaissent comme essentielles pour nourrir des analogies.<\/p>\n<p style=\"text-align: justify;\">\u00c0 l\u2019\u00e9chelle macroscopique, l\u2019arbre est consid\u00e9r\u00e9 dans de nombreuses traditions et religions comme le symbole du vivant reliant la Terre au Ciel et incitant ainsi, m\u00e9taphoriquement, l\u2019\u00eatre humain \u00e0 faire de m\u00eame. Les structures \u00e0 l\u2019\u00e9chelle microscopique (tissulaires et cellulaires) peuvent-elles \u00e9galement avoir un r\u00f4le de \u00ab\u00a0miroir\u00a0\u00bb pour une partie de notre propre fonctionnement ? Si, depuis les temps les plus anciens, les imaginaires tant artistiques que po\u00e9tiques sont peupl\u00e9s par la figure m\u00e9taphorique de l\u2019arbre, le d\u00e9voilement de l\u2019imperceptible nous permet, au fond, de convoquer de nouvelles analogies inattendues entre l\u2019arbre et l\u2019\u00eatre humain. N\u00e9anmoins, au-del\u00e0 de leur \u00ab\u00a0fonction artistique\u00a0\u00bb, la contribution de ces analogies en faveur de nouvelles orientations scientifiques autour du fonctionnement de l\u2019arbre reste \u00e0 d\u00e9montrer. En tout cas, m\u00eame si les analogies traduites ici par le dessin n\u2019aboutissent \u00e0 aucune orientation ou d\u00e9couverte scientifique concr\u00e8te, elles nourrissent une r\u00e9flexion transversale multipliant les regards autour de l\u2019image de microscopie. Ainsi, afin d\u2019\u00e9largir l\u2019interdisciplinarit\u00e9 avec le projet <i>\u00c0 l\u2019int\u00e9rieur de l\u2019arbre<\/i>, la relation sensible entre l\u2019\u00eatre humain et la vie microscopique de l\u2019arbre est \u00e9tudi\u00e9e \u00e9galement selon une approche m\u00ealant psychologie et anthropologie. Gr\u00e2ce aux m\u00e9thodologies d\u00e9velopp\u00e9es en sciences humaines, il s\u2019agira de mettre en place des enqu\u00eates autour des par\u00e9idolies<i> <\/i>r\u00e9v\u00e9l\u00e9es par le dessin. En effet, de m\u00eame que les par\u00e9idolies<i> <\/i>sont consid\u00e9r\u00e9es en psychologie comme r\u00e9v\u00e9latrices de certaines structures mentales, de m\u00eame nous nous demanderons si elles peuvent \u00eatre, ici aussi, un terreau fertile d\u2019\u00e9tudes pour les sciences humaines. Ces travaux interdisciplinaires permettent d\u2019explorer plus avant la question de fond portant sur la relation entre l\u2019homme et la nature. Les images<i> <\/i>issues de l\u2019imaginaire dans ce projet cherchent donc \u00e0 remplir une fonction positive pour la science en provoquant des recherches inattendues&#8230;<\/p>\n<p style=\"text-align: center;\">&#8212;&#8212;)<a href=\"https:\/\/youtu.be\/sfeLGwxA9HI\"><br \/>\n<img loading=\"lazy\" decoding=\"async\" class=\"wp-image-2612  aligncenter\" src=\"https:\/\/www.iglikachristova.com\/v2\/wp-content\/uploads\/2020\/12\/DSC07898_result.png\" alt=\"\" width=\"356\" height=\"238\" srcset=\"https:\/\/www.iglika-christova.com\/v2\/wp-content\/uploads\/2020\/12\/DSC07898_result.png 1616w, https:\/\/www.iglika-christova.com\/v2\/wp-content\/uploads\/2020\/12\/DSC07898_result-300x200.png 300w, https:\/\/www.iglika-christova.com\/v2\/wp-content\/uploads\/2020\/12\/DSC07898_result-1024x684.png 1024w, https:\/\/www.iglika-christova.com\/v2\/wp-content\/uploads\/2020\/12\/DSC07898_result-768x513.png 768w, https:\/\/www.iglika-christova.com\/v2\/wp-content\/uploads\/2020\/12\/DSC07898_result-1536x1027.png 1536w, https:\/\/www.iglika-christova.com\/v2\/wp-content\/uploads\/2020\/12\/DSC07898_result-608x408.png 608w\" sizes=\"(max-width: 356px) 100vw, 356px\" \/><\/a>Captation vid\u00e9o de l\u2019exposition\u00a0<em>\u00c0 l\u2019int\u00e9rieur de l\u2019arbre<\/em> (c) Arosita Gallery, 2019.<\/p>\n","protected":false},"excerpt":{"rendered":"<p>Projet 2018-2019 Un dialogue entre l\u2019art et la biologie Projet en cours s\u00e9lectionn\u00e9 dans le cadre de l\u2019appel \u00e0 projet Coup de pouce 2018 de\u00a0La Diagonale Paris-Saclay. \u00c0 l\u2019int\u00e9rieur de l\u2019arbre \u2013 en collaboration avec Claire Damesin, \u00e9cophysiologiste v\u00e9g\u00e9tale qui travaille sur le fonctionnement des arbres dans leur milieu naturel \u2013,\u00a0est une plong\u00e9e dans l&rsquo;intimit\u00e9 [&hellip;]<\/p>\n","protected":false},"author":1,"featured_media":0,"parent":0,"menu_order":0,"comment_status":"open","ping_status":"open","template":"","meta":{"footnotes":""},"class_list":["post-2072","page","type-page","status-publish","hentry"],"_links":{"self":[{"href":"https:\/\/www.iglika-christova.com\/v2\/index.php?rest_route=\/wp\/v2\/pages\/2072"}],"collection":[{"href":"https:\/\/www.iglika-christova.com\/v2\/index.php?rest_route=\/wp\/v2\/pages"}],"about":[{"href":"https:\/\/www.iglika-christova.com\/v2\/index.php?rest_route=\/wp\/v2\/types\/page"}],"author":[{"embeddable":true,"href":"https:\/\/www.iglika-christova.com\/v2\/index.php?rest_route=\/wp\/v2\/users\/1"}],"replies":[{"embeddable":true,"href":"https:\/\/www.iglika-christova.com\/v2\/index.php?rest_route=%2Fwp%2Fv2%2Fcomments&post=2072"}],"version-history":[{"count":41,"href":"https:\/\/www.iglika-christova.com\/v2\/index.php?rest_route=\/wp\/v2\/pages\/2072\/revisions"}],"predecessor-version":[{"id":2622,"href":"https:\/\/www.iglika-christova.com\/v2\/index.php?rest_route=\/wp\/v2\/pages\/2072\/revisions\/2622"}],"wp:attachment":[{"href":"https:\/\/www.iglika-christova.com\/v2\/index.php?rest_route=%2Fwp%2Fv2%2Fmedia&parent=2072"}],"curies":[{"name":"wp","href":"https:\/\/api.w.org\/{rel}","templated":true}]}}

À l’intérieur de l’arbre

<p><strong>Projet 2018-2019</strong><br />
<strong>Un dialogue entre l’art et la biologie</strong><br />
Projet en cours sélectionné dans le cadre de l’appel à projet Coup de pouce 2018 de La Diagonale Paris-Saclay.</p>
<p style="text-align: justify;"><i><img loading="lazy" decoding="async" class="alignleft  wp-image-2606" src="https://www.iglikachristova.com/v2/wp-content/uploads/2020/12/Capture-d’écran-2020-12-06-à-16.35.12.png" alt="" width="504" height="501" srcset="https://www.iglika-christova.com/v2/wp-content/uploads/2020/12/Capture-d’écran-2020-12-06-à-16.35.12.png 894w, https://www.iglika-christova.com/v2/wp-content/uploads/2020/12/Capture-d’écran-2020-12-06-à-16.35.12-300x298.png 300w, https://www.iglika-christova.com/v2/wp-content/uploads/2020/12/Capture-d’écran-2020-12-06-à-16.35.12-150x150.png 150w, https://www.iglika-christova.com/v2/wp-content/uploads/2020/12/Capture-d’écran-2020-12-06-à-16.35.12-768x764.png 768w" sizes="(max-width: 504px) 100vw, 504px" /></i><i>À l’intérieur de l’arbre </i><i>– </i>en collaboration avec Claire Damesin, écophysiologiste végétale qui travaille sur le fonctionnement des arbres dans leur milieu naturel –, est une plongée dans l&rsquo;intimité cellulaire des arbres. Il s’agit d’établir un dialogue interdisciplinaire entre le sensible, l’imaginaire et les connaissances scientifiques biologiques, afin de donner à entrevoir les manifestations d’un monde intime caché au sein du microcosme de l’arbre. Dans cette démarche, l’imaginaire traduit par le dessin est « provoqué » par des observations microscopiques nouvelles et variées relatives aux tissus internes du tronc de plusieurs espèces d’arbres. Ces images de microscopie sont adossées aux questionnements scientifiques actuels sur le fonctionnement des tissus et cellules présents à l’intérieur de l’arbre. L’apport du dessin dans ce projet réside notamment dans la recherche et le dévoilement de <i>paréidolies </i>« cachées ». La paréidolie<i> </i>(du grec ancien <i>para</i>, « à côté de », et <i>eidôlon</i>, diminutif d’<i>eidos</i>, « apparence, forme ») est comme une illusion d’optique : à partir d’un visuel informe et ambigu, un élément clair est identifié, une forme est « reconnue », souvent humaine ou animale. Par l’imaginaire, le dessin cherche à révéler des formes « cachées » au sein de l’infiniment petit, au-delà de ce que l’on voit avec les yeux et de ce que l’on aperçoit <i>via</i> le microscope. L’imaginaire est donc en ce sens un prolongement de la vision. Il est ici mis au contact des connaissances écophysiologiques déjà acquises afin de mêler interprétation écologique et approche sensible du vivant. Avec le projet <i>À l’intérieur de l’arbre</i>, nous nous demanderons aussi de quelle façon le savoir scientifique va conditionner l’imaginaire dans le décryptage des images de microscopie et/ou paréidolies dévoilées. Et inversement, celles-ci ne vont-elles pas faire des clins d’œil aux scientifiques pour leur suggérer de nouvelles idées ou orientations ? <em>Via</em> le projet <em>À l’intérieur de l’arbre</em>, l’objectif est aussi de donner à « percevoir » au grand public la diversité de formes des cellules ainsi que leur plasticité en lien avec les conditions du milieu. Il s’agira de donner à capter le temps qui passe au cœur de la vie de l’arbre, cette dernière étant « enregistrée » dans les cernes. Ainsi, le décryptage des images de microscopie grâce au dessin cherche à rendre perceptible le temps lent de la croissance de l’arbre. Le dessin, fixe et animé, sur et hors papier, apparaît comme un outil tant de l’imagination que des connaissances écophysiologiques déjà acquises. Le dialogue entre l’imaginaire, les connaissances scientifiques et les images de microscopies cherche ici à mettre l’accent sur la diversité des structures et formes cellulaires, leur relation à l’environnement extérieur et au temps qui passe. Le dessin tente de traduire en ce sens les rapports intrinsèques entre le climat extérieur et la vie invisible de l’arbre. Ce projet se veut donc une exploration ouverte, de recherches interdisciplinaires qui cherchent à aboutir à des œuvres permettant au grand public de découvrir la richesse cellulaire cachée sous l’écorce des arbres.</p>
<p style="text-align: justify;">Le dessin, par son caractère sélectif des informations rétiniennes dévoilées par le microscope, permet en ce sens de rendre accessible et compréhensible ce monde microscopique complexe qui assure la verticalité, la solidité de l’arbre, sa croissance et son adaptabilité au fil des années, ainsi que la relation interne vitale entre les racines souterraines et le feuillage aérien.</p>
<p style="text-align: justify;">Mais rendre compréhensible au grand public la vie invisible de l’arbre n’est pas le seul rôle du dessin. En effet, en toile de fond, le projet repose sur une question de recherche fondamentale autour de la relation ubiquitaire entre l’homme et la nature : comment le regard porté sur la nature par l’être humain peut-il l’aider à se révéler à lui-même ? Avec le projet <i>À l’intérieur de l’arbre</i>, cette question devient : qu’est-ce que l’arbre, dans sa structure et son fonctionnement microscopique, nous révèle sur nous-mêmes ? Plusieurs connaissances scientifiques, telles que la présence simultanée de cellules vivantes et mortes ou bien les effets du temps contrés par la croissance de tissus où le temps peut être repéré, apparaissent comme essentielles pour nourrir des analogies.</p>
<p style="text-align: justify;">À l’échelle macroscopique, l’arbre est considéré dans de nombreuses traditions et religions comme le symbole du vivant reliant la Terre au Ciel et incitant ainsi, métaphoriquement, l’être humain à faire de même. Les structures à l’échelle microscopique (tissulaires et cellulaires) peuvent-elles également avoir un rôle de « miroir » pour une partie de notre propre fonctionnement ? Si, depuis les temps les plus anciens, les imaginaires tant artistiques que poétiques sont peuplés par la figure métaphorique de l’arbre, le dévoilement de l’imperceptible nous permet, au fond, de convoquer de nouvelles analogies inattendues entre l’arbre et l’être humain. Néanmoins, au-delà de leur « fonction artistique », la contribution de ces analogies en faveur de nouvelles orientations scientifiques autour du fonctionnement de l’arbre reste à démontrer. En tout cas, même si les analogies traduites ici par le dessin n’aboutissent à aucune orientation ou découverte scientifique concrète, elles nourrissent une réflexion transversale multipliant les regards autour de l’image de microscopie. Ainsi, afin d’élargir l’interdisciplinarité avec le projet <i>À l’intérieur de l’arbre</i>, la relation sensible entre l’être humain et la vie microscopique de l’arbre est étudiée également selon une approche mêlant psychologie et anthropologie. Grâce aux méthodologies développées en sciences humaines, il s’agira de mettre en place des enquêtes autour des paréidolies<i> </i>révélées par le dessin. En effet, de même que les paréidolies<i> </i>sont considérées en psychologie comme révélatrices de certaines structures mentales, de même nous nous demanderons si elles peuvent être, ici aussi, un terreau fertile d’études pour les sciences humaines. Ces travaux interdisciplinaires permettent d’explorer plus avant la question de fond portant sur la relation entre l’homme et la nature. Les images<i> </i>issues de l’imaginaire dans ce projet cherchent donc à remplir une fonction positive pour la science en provoquant des recherches inattendues&#8230;</p>
<p style="text-align: center;">&#8212;&#8212;)<a href="https://youtu.be/sfeLGwxA9HI"><br />
<img loading="lazy" decoding="async" class="wp-image-2612  aligncenter" src="https://www.iglikachristova.com/v2/wp-content/uploads/2020/12/DSC07898_result.png" alt="" width="356" height="238" srcset="https://www.iglika-christova.com/v2/wp-content/uploads/2020/12/DSC07898_result.png 1616w, https://www.iglika-christova.com/v2/wp-content/uploads/2020/12/DSC07898_result-300x200.png 300w, https://www.iglika-christova.com/v2/wp-content/uploads/2020/12/DSC07898_result-1024x684.png 1024w, https://www.iglika-christova.com/v2/wp-content/uploads/2020/12/DSC07898_result-768x513.png 768w, https://www.iglika-christova.com/v2/wp-content/uploads/2020/12/DSC07898_result-1536x1027.png 1536w, https://www.iglika-christova.com/v2/wp-content/uploads/2020/12/DSC07898_result-608x408.png 608w" sizes="(max-width: 356px) 100vw, 356px" /></a>Captation vidéo de l’exposition <em>À l’intérieur de l’arbre</em> (c) Arosita Gallery, 2019.</p>

<p>Projet 2018-2019 Un dialogue entre l’art et la biologie Projet en cours sélectionné dans le cadre de l’appel à projet Coup de pouce 2018 de La Diagonale Paris-Saclay. À l’intérieur de l’arbre – en collaboration avec Claire Damesin, écophysiologiste végétale qui travaille sur le fonctionnement des arbres dans leur milieu naturel –, est une plongée dans l&rsquo;intimité [&hellip;]</p>
