{"id":2090,"date":"2018-03-16T16:38:41","date_gmt":"2018-03-16T15:38:41","guid":{"rendered":"http:\/\/www.iglikachristova.com\/v2\/?page_id=2090"},"modified":"2018-10-08T20:04:57","modified_gmt":"2018-10-08T19:04:57","slug":"ogm","status":"publish","type":"page","link":"https:\/\/www.iglika-christova.com\/v2\/?page_id=2090","title":{"rendered":"OGM"},"content":{"rendered":"<p><strong>Projet 2017-2018<\/strong><br \/>\n<strong><i>Un coup de G\u00c8NES jamais n\u2019abolira le hasard<\/i><\/strong><br \/>\nProjet transversal dans\u00a0le cadre du\u00a0festival\u00a0\u00ab La science de l\u2019art\u00a0\u00bb<br \/>\norganis\u00e9 par le Collectif Culture Essonne<\/p>\n<div id=\"attachment_2095\" style=\"width: 350px\" class=\"wp-caption alignleft\"><a href=\"http:\/\/www.iglikachristova.com\/v2\/wp-content\/uploads\/2018\/03\/KMB6773.jpg\"><img loading=\"lazy\" decoding=\"async\" aria-describedby=\"caption-attachment-2095\" class=\" wp-image-2095  \" alt=\"_KMB6773\" src=\"http:\/\/www.iglikachristova.com\/v2\/wp-content\/uploads\/2018\/03\/KMB6773.jpg\" width=\"340\" height=\"226\" srcset=\"https:\/\/www.iglika-christova.com\/v2\/wp-content\/uploads\/2018\/03\/KMB6773.jpg 1181w, https:\/\/www.iglika-christova.com\/v2\/wp-content\/uploads\/2018\/03\/KMB6773-300x199.jpg 300w, https:\/\/www.iglika-christova.com\/v2\/wp-content\/uploads\/2018\/03\/KMB6773-1024x682.jpg 1024w, https:\/\/www.iglika-christova.com\/v2\/wp-content\/uploads\/2018\/03\/KMB6773-480x319.jpg 480w\" sizes=\"(max-width: 340px) 100vw, 340px\" \/><\/a><p id=\"caption-attachment-2095\" class=\"wp-caption-text\">Vue de l&rsquo;exposition \u00e0 l\u2019Orangerie-Espace Tourli\u00e8re, Verri\u00e8res-le-Buisson, 2017.<\/p><\/div>\n<p style=\"text-align: justify;\">Le projet\u00a0<i>Un\u00a0<\/i><i>coup\u00a0<\/i><i>de\u00a0<\/i><i>g\u00e8nes\u00a0<\/i><i>jamais\u00a0<\/i><i>n\u2019abolira\u00a0<\/i><i>le\u00a0<\/i><i>hasard\u00a0<\/i>est le fruit d\u2019une\u00a0collaboration avec la biologiste Paula Fontanilla. Il propose un dialogue po\u00e9tique entre le dessin et la biologie, interrogeant \u00e0 travers le prisme d\u2019un voir-ensemble interdisciplinaire, la question des risques li\u00e9s \u00e0 la technique de transg\u00e9n\u00e8se v\u00e9g\u00e9tale. Si aujourd\u2019hui le d\u00e9bat autour des risques, encore peu connus, que repr\u00e9sentent les OGM (Organismes G\u00e9n\u00e9tiquement Modifi\u00e9es) pour la sant\u00e9 humaine et l\u2019environnement est d\u2019actualit\u00e9, la grande diversit\u00e9 d\u2019opinions parmi les scientifiques ne permet pas d\u2019\u00e9tablir un r\u00e9el consensus. Ainsi, bien que les avantages de la technique de transg\u00e9n\u00e8se v\u00e9g\u00e9tale sont mesurables, celle-ci pose \u00e9galement des questions qui restent pour l\u2019instant en suspens. S\u2019interrogeant sur notre consommation d\u2019OGM ainsi que notre rapport au vivant, les \u0153uvres en jeu dans ce projet, s\u2019articulent, entre autres, autour d\u2019une exploration exp\u00e9rimentale des images de microscopie d\u2019organismes produisant des toxines utilis\u00e9s classiquement en agriculture telle que la bact\u00e9rie <i>Bacillus\u00a0<\/i><i>thuringiensis<\/i>. Le geste artistique n\u2019a pas pour fonction ici de prendre position dans ce d\u00e9bat soci\u00e9tal, mais d\u2019apporter un autre regard \u00e0 la science. Le projet ouvre ainsi un questionnement autour de notre relation \u00e0 la nature, \u00e0 nous-m\u00eames et au monde.<\/p>\n<div id=\"attachment_2093\" style=\"width: 210px\" class=\"wp-caption alignright\"><a href=\"http:\/\/www.iglikachristova.com\/v2\/wp-content\/uploads\/2018\/03\/KMB6744.jpg\"><img loading=\"lazy\" decoding=\"async\" aria-describedby=\"caption-attachment-2093\" class=\"size-medium wp-image-2093\" alt=\"_KMB6744\" src=\"http:\/\/www.iglikachristova.com\/v2\/wp-content\/uploads\/2018\/03\/KMB6744-200x300.jpg\" width=\"200\" height=\"300\" srcset=\"https:\/\/www.iglika-christova.com\/v2\/wp-content\/uploads\/2018\/03\/KMB6744-200x300.jpg 200w, https:\/\/www.iglika-christova.com\/v2\/wp-content\/uploads\/2018\/03\/KMB6744-682x1024.jpg 682w, https:\/\/www.iglika-christova.com\/v2\/wp-content\/uploads\/2018\/03\/KMB6744-320x480.jpg 320w\" sizes=\"(max-width: 200px) 100vw, 200px\" \/><\/a><p id=\"caption-attachment-2093\" class=\"wp-caption-text\">Bacillus (Bt) n\u00b011.Vid\u00e9o, couleur, dur\u00e9e 3:00 rejet\u00e9e sur dessins sur verre. S\u00e9quence vid\u00e9o r\u00e9alis\u00e9e \u00e0 partir des images de microscopie d\u00e9voilant la Bacillus thuringiensis (Bt) utilis\u00e9e classiquement en agriculture.<\/p><\/div>\n<p style=\"text-align: justify;\">La d\u00e9marche que je poursuis cherche \u00e0 ouvrir un champ de r\u00e9flexion tant graphique que th\u00e9orique autour du dessin dit \u00ab \u00e9largi \u00bb, qui constitue une pratique graphique autonome investissant toutes les zones spatio-temporelles de l\u2019\u0153uvre d\u2019art. Tout d\u2019abord, la notion de dessin \u00e9largi\u00a0se rapporte aux divers langages graphiques ainsi qu\u2019\u00e0 la probl\u00e9matique de l\u2019espace d\u2019exposition. Sans attachement \u00e0 une forme graphique en particulier, le dessin \u00e9largi se pr\u00e9sente comme un point de rencontre entre la diversit\u00e9 des traces graphiques et leur monstration et articulation dans l\u2019espace d\u2019exposition. Suivant cette optique, je con\u00e7ois l\u2019espace d\u2019installation des \u0153uvres comme une relation dynamique entre les diff\u00e9rentes traces graphiques. Qu\u2019elles soient physiques, immat\u00e9rielles, fixes, anim\u00e9es, sur ou hors papier, ces derni\u00e8res dialoguent entre elles et enrichissent mutuellement leur langage, cr\u00e9ant ainsi un ensemble unifi\u00e9. Sous ses diff\u00e9rentes formes, le dessin \u00e9largi s\u2019apparente \u00e0 un organisme vivant cherchant \u00e0 interroger la dimension po\u00e9tique, esth\u00e9tique, \u00e9thique et psychologique de notre relation \u00e0 la mati\u00e8re vivante et, plus largement, au vivant.\u00a0Microscopie et dessin se livrent ici \u00e0 une pollinisation\u00a0 r\u00e9ciproque continue o\u00f9 le dessin est con\u00e7u comme un outil de d\u00e9cryptage, d\u2019interpr\u00e9tation po\u00e9tique et d\u2019\u00e9largissement du microcosme.<\/p>\n<div style=\"width: 353px\" class=\"wp-caption alignleft\"><a href=\"http:\/\/www.iglikachristova.com\/v2\/wp-content\/uploads\/2018\/03\/KMB6678.jpg\"><img loading=\"lazy\" decoding=\"async\" alt=\"_KMB6678\" src=\"http:\/\/www.iglikachristova.com\/v2\/wp-content\/uploads\/2018\/03\/KMB6678.jpg\" width=\"343\" height=\"229\" \/><\/a><p class=\"wp-caption-text\">Bacillus drawings. Installation compos\u00e9e de onze bo\u00eetes de p\u00e9tri dessin\u00e9es. Bact\u00e9ries et dessin \u00e0 l\u2019encre sur bo\u00eetes de p\u00e9tri en verre et plexiglass ; dimensions variables, 2017.<\/p><\/div>\n<p style=\"text-align: justify;\"><strong>Rencontre\u00a0entre\u00a0le\u00a0dessin\u00a0et\u00a0le\u00a0monde\u00a0bact\u00e9rien<\/strong><\/p>\n<p style=\"text-align: justify;\">Le dessin est appr\u00e9hend\u00e9 ici comme un organisme vivant, cr\u00e9ant une relation sensible avec les transformations infinies du microcosme. Dans des bo\u00eetes de p\u00e9tri en verre pr\u00e9alablement dessin\u00e9es, sont d\u00e9pos\u00e9es des bact\u00e9ries qui se d\u00e9veloppent petit \u00e0 petit en interagissant avec le dessin. L\u2019int\u00e9rieur des bo\u00eetes s\u2019apparente \u00e0 une\u00a0toile sur laquelle sont d\u00e9pos\u00e9es, \u00e0 l\u2019instar de pigments de couleurs, les bact\u00e9ries \u00ab dessinatrices \u00bb. Les micro-organismes deviennent alors les\u00a0principaux acteurs d\u2019un dessin organique en perp\u00e9tuelle m\u00e9tamorphose. \u00c0\u00a0travers leurs qualit\u00e9s d\u2019\u00eatres vivants produisant des toxines et dou\u00e9s de propri\u00e9t\u00e9s diverses, ils nous invitent \u00e0 une r\u00e9flexion autour de la notion de \u00ab\u00a0risque\u00a0\u00bb intrins\u00e8quement li\u00e9e \u00e0 celle de la \u00ab\u00a0vie\u00a0\u00bb. Dans cette rencontre avec le monde bact\u00e9rien, le dessin \u00e9volutif appara\u00eet aussi comme une exp\u00e9rience\u00a0\u00e9ph\u00e9m\u00e8re interrogeant le cycle de vie des \u0153uvres d\u2019art et leur finalit\u00e9 spatio-temporelle. Si selon le philosophe Theodor Adorno, la \u00ab vie \u00bb d\u2019une \u0153uvre d\u2019art est relative \u00e0 son mode d\u2019\u00eatre\u00a0en tant qu\u2019artefact construit socialement, ces \u00ab\u00a0dessins vivants\u00a0\u00bb tentent ici de d\u00e9jouer cette analyse en exprimant une certaine \u00ab mani\u00e8re d\u2019\u00eatre \u00bb des \u0153uvres \u00e9volutives imitant celle des organismes dits \u00ab naturels \u00bb. En ce sens, les \u00ab\u00a0dessins vivants\u00a0\u00bb r\u00e9sonnent aussi avec la notion d\u2019\u00ab <i>auto-poiesis<\/i> \u00bb forg\u00e9e par les biologistes Humberto Maturana et Francisco Varela qui rend compte des m\u00e9canismes d\u2019auto-organisation et de transformation des organismes vivants s\u2019adaptant aux changements de leur milieu.<\/p>\n<p style=\"text-align: justify;\">Ces dessins \u00e9volutifs sont ici une sorte d\u2019\u00ab\u00a0observatoire\u00a0\u00bb des qualit\u00e9s sensibles des bact\u00e9ries et de leur capacit\u00e9 d\u2019interaction avec le dispositif artistique. Impr\u00e9visibles, les bact\u00e9ries imposent ainsi leurs particularit\u00e9s et contraintes dans le processus m\u00eame de cr\u00e9ation et sont \u00e0 la source de nouveaux langages graphiques. Par cette technique, se d\u00e9veloppe alors litt\u00e9ralement le \u00ab\u00a0dessin vivant\u00a0\u00bb, apparaissant comme une trace tangible de la rencontre entre la main de l\u2019homme et la \u00ab\u00a0main\u00a0\u00bb de la nature. Tant organique que m\u00e9taphorique, cette trace de l\u2019entre-deux, se situe alors \u00e0 la charni\u00e8re de la nature et de la culture.<\/p>\n<p style=\"text-align: justify;\"><strong><em>Machine pour dessin vivant \u00e0 micro-algues et\/ou bact\u00e9ries<\/em><\/strong><\/p>\n<div style=\"width: 298px\" class=\"wp-caption alignleft\"><a href=\"http:\/\/www.iglikachristova.com\/v2\/wp-content\/uploads\/2018\/03\/Machine-pour-dessin-vivant-e1521215007655.jpg\"><img loading=\"lazy\" decoding=\"async\" alt=\"Machine pour dessin vivant\" src=\"http:\/\/www.iglikachristova.com\/v2\/wp-content\/uploads\/2018\/03\/Machine-pour-dessin-vivant-e1521215007655.jpg\" width=\"288\" height=\"384\" \/><\/a><p class=\"wp-caption-text\">Machine pour dessin vivant \u00e0 micro-algues et\/ou bact\u00e9ries, 2017.<\/p><\/div>\n<p style=\"text-align: justify;\">Installation inspir\u00e9e et d\u00e9velopp\u00e9e \u00e0 partir du <em>R\u00e9acteur \u00e0 micro-algues<\/em>\u00a0invent\u00e9 par le biologiste Gilles Carpentier dans le cadre de l\u2019exposition transversale d\u2019Iglika Christova intitul\u00e9e <i>MICRO-PO\u00c9TIQUE <\/i>(Espace Jour et Nuit Culture, 2017).\u00a0Il s\u2019agit d\u2019abord de cr\u00e9er une culture de masse de micro-algues gr\u00e2ce \u00e0 un \u00e9chantillon d\u2019eau pr\u00e9lev\u00e9 sp\u00e9cialement pour cette exp\u00e9rience de la fontaine se trouvant devant la fa\u00e7ade de La maison Vaillant.<\/p>\n<p style=\"text-align: justify;\">La <em>Machine pour dessin vivant \u00e0 micro-algues<\/em> se compose en deux parties : la premi\u00e8re d\u00e9di\u00e9e au maintien de la culture de micro-algues, la seconde, quant \u00e0 elle, serve \u00e0 l\u2019\u00ab\u00a0impression\u00a0\u00bb du dessin gr\u00e2ce aux micro-algues cultiv\u00e9s. Une petite quantit\u00e9 d\u2019eau provenant de la culture de micro-algues est d\u00e9pos\u00e9e sur une plaque transparente.\u00a0Cette derni\u00e8re repose sur une autre plaque sur laquelle une image de microscopie \u00e0 \u00e9t\u00e9 pr\u00e9alablement imprim\u00e9e en n\u00e9gatif. Les deux plaques du m\u00eame format sont pos\u00e9es sur l\u2019armature en bois de la \u00ab\u00a0machine\u00a0\u00bb afin d\u2019\u00eatre \u00e9clair\u00e9es en permanence par une source lumineuse. Les micro-algues doivent ainscroitre et se developper sur la plaque transparente aux endroits \u00e9clair\u00e9s formant ainsi les contours d\u2019un \u00ab\u00a0dessin vivant\u00a0\u00bb ; celui-ci se pr\u00e9sente mat\u00e9riellement au fur et \u00e0 mesure sur la plaque transparente o\u00f9 se d\u00e9veloppent les micro-algues.<\/p>\n<p>&nbsp;<\/p>\n<p>&nbsp;<\/p>\n","protected":false},"excerpt":{"rendered":"<p>Projet 2017-2018 Un coup de G\u00c8NES jamais n\u2019abolira le hasard Projet transversal dans\u00a0le cadre du\u00a0festival\u00a0\u00ab La science de l\u2019art\u00a0\u00bb organis\u00e9 par le Collectif Culture Essonne Le projet\u00a0Un\u00a0coup\u00a0de\u00a0g\u00e8nes\u00a0jamais\u00a0n\u2019abolira\u00a0le\u00a0hasard\u00a0est le fruit d\u2019une\u00a0collaboration avec la biologiste Paula Fontanilla. Il propose un dialogue po\u00e9tique entre le dessin et la biologie, interrogeant \u00e0 travers le prisme d\u2019un voir-ensemble interdisciplinaire, la [&hellip;]<\/p>\n","protected":false},"author":1,"featured_media":0,"parent":0,"menu_order":0,"comment_status":"open","ping_status":"open","template":"","meta":{"footnotes":""},"class_list":["post-2090","page","type-page","status-publish","hentry"],"_links":{"self":[{"href":"https:\/\/www.iglika-christova.com\/v2\/index.php?rest_route=\/wp\/v2\/pages\/2090"}],"collection":[{"href":"https:\/\/www.iglika-christova.com\/v2\/index.php?rest_route=\/wp\/v2\/pages"}],"about":[{"href":"https:\/\/www.iglika-christova.com\/v2\/index.php?rest_route=\/wp\/v2\/types\/page"}],"author":[{"embeddable":true,"href":"https:\/\/www.iglika-christova.com\/v2\/index.php?rest_route=\/wp\/v2\/users\/1"}],"replies":[{"embeddable":true,"href":"https:\/\/www.iglika-christova.com\/v2\/index.php?rest_route=%2Fwp%2Fv2%2Fcomments&post=2090"}],"version-history":[{"count":25,"href":"https:\/\/www.iglika-christova.com\/v2\/index.php?rest_route=\/wp\/v2\/pages\/2090\/revisions"}],"predecessor-version":[{"id":2424,"href":"https:\/\/www.iglika-christova.com\/v2\/index.php?rest_route=\/wp\/v2\/pages\/2090\/revisions\/2424"}],"wp:attachment":[{"href":"https:\/\/www.iglika-christova.com\/v2\/index.php?rest_route=%2Fwp%2Fv2%2Fmedia&parent=2090"}],"curies":[{"name":"wp","href":"https:\/\/api.w.org\/{rel}","templated":true}]}}